542603?
362542601
In base 6, what is 3 + -5344244013?
-5344244010
In base 2, what is 11010010001 + 11011100100100?
11110110110101
In base 11, what is 634121a + -4?
6341216
In base 15, what is 201 + -a37?
-836
In base 7, what is -2050335 - -44?
-2050261
In base 16, what is 33e6a60 + 6?
33e6a66
In base 12, what is 4 + 3978779?
3978781
In base 7, what is 63 - 2415335?
-2415242
In base 12, what is -277013099 - -2?
-277013097
In base 13, what is -47896ba - 13?
-4789700
In base 16, what is 38e42 + -41?
38e01
In base 13, what is -4bc903a + -c?
-4bc9049
In base 3, what is 210 - -20121020010122?
20121020011102
In base 14, what is 36b8a + -2?
36b88
In base 5, what is -32012411 - -23?
-32012333
In base 10, what is 221 - -129425?
129646
In base 6, what is -2523032 + 342?
-2522250
In base 15, what is abcd3 - 13c?
abb96
In base 6, what is -1321 - 12053?
-13414
In base 9, what is 28 + 1480?
1518
In base 2, what is -101010111100 + 1001010100000?
11111100100
In base 4, what is -100 + 22220113113?
22220113013
In base 4, what is 10 - 23331333000?
-23331332330
In base 16, what is 6b + -b9153?
-b90e8
In base 11, what is -480 + -28731?
-29101
In base 14, what is -632389 - d0?
-632479
In base 16, what is -6e2e + 6f?
-6dbf
In base 9, what is -5872 - -544?
-5327
In base 4, what is -3 - 111111312203201?
-111111312203210
In base 15, what is 2 - -232b17?
232b19
In base 8, what is -3 + -111315635?
-111315640
In base 5, what is 124 - 14122044?
-14121420
In base 8, what is 414773 + 35?
415030
In base 12, what is 3592 + 3b130?
42702
In base 11, what is -28459 + -27?
-28485
In base 6, what is -1204101511 + -405?
-1204102320
In base 9, what is -31025 - -335?
-30580
In base 9, what is -73867715 - -4?
-73867711
In base 4, what is 10132021 + 2033?
10200120
In base 11, what is 220a0a6 + -1?
220a0a5
In base 7, what is -14434331 + 41?
-14434260
In base 11, what is 3a - -147528?
147567
In base 7, what is -14601624462 - 4?
-14601624466
In base 6, what is 2301 + 21451533?
21454234
In base 6, what is -100553542 - -3?
-100553535
In base 6, what is -111131 + 31114?
-40013
In base 15, what is -1cb4 - 1d92?
-3b56
In base 14, what is 4 - 431b0?
-431aa
In base 16, what is -d40 - -1f553?
1e813
In base 8, what is 1101160 + 5?
1101165
In base 8, what is 1 + -207764014?
-207764013
In base 8, what is 2726311 - -14?
2726325
In base 12, what is -3 + -8674705?
-8674708
In base 9, what is 428781 + 188?
430080
In base 15, what is 26 + 90abc?
90ae3
In base 15, what is -3 + 12a9865a?
12a98657
In base 8, what is -3216400 - 10?
-3216410
In base 12, what is 4462b3 + -21?
446292
In base 9, what is 345348 - 4300?
341048
In base 14, what is c0428 + 363?
c078b
In base 7, what is 2045510 + 12?
2045522
In base 16, what is 2bd71 + 12?
2bd83
In base 15, what is b4b - 1c4?
977
In base 5, what is 2101 + 33443424?
34001030
In base 15, what is 4 - -3c33bd?
3c33c2
In base 12, what is 5 + 832840?
832845
In base 14, what is 6 - 4c68b3b?
-4c68b35
In base 13, what is -32aa39 + 16?
-32aa23
In base 16, what is -6 + -d0c915?
-d0c91b
In base 6, what is -21 - -100131320?
100131255
In base 8, what is 0 - 14607746?
-14607746
In base 8, what is 1 + -114022015?
-114022014
In base 2, what is 10101101000100100001001101 + 11?
10101101000100100001010000
In base 4, what is 2032210 - -201030?
2233300
In base 14, what is -53dbab1 - -1?
-53dbab0
In base 16, what is 4fe0 + 522?
5502
In base 16, what is 48 - -4c5e?
4ca6
In base 5, what is 23 - 21333443420?
-21333443342
In base 7, what is -2025060 - -32?
-2025025
In base 4, what is 1302310321 - -2222?
1302313203
In base 11, what is 155 - -629128?
629282
In base 3, what is 102211212100202 - -11?
102211212100220
In base 12, what is -61a29 - 2?
-61a2b
In base 11, what is 10a894 - -3?
10a897
In base 13, what is -7ca04 - 2772?
-82476
In base 8, what is -1 - 70550471?
-70550472
In base 15, what is d6 - -1bab?
1c92
In base 8, what is -272 + -135370?
-135662
In base 13, what is 48a - 20ac9?
-2063c
In base 10, what is -1510396 - -244?
-1510152
In base 2, what is -111001 - -11111010001010?
11111001010001
In base 2, what is 101001001111010011110 - -101?
101001001111010100011
In base 8, what is 4053147 + -1?
4053146
In base 13, what is 6b - 174692?
-174624
In base 4, what is 1 - 3321211230121?
-3321211230120
In base 6, what is 15 + -42555505?
-42555450
In base 2, what is -101100001 + 1100011010000101001000?
1100011001111111100111
In base 10, what is -944996 + 3?
-944993
In base 14, what is -1 + 4961676?
4961675
In base 9, what is -12405 + -5673?
-18178
In base 8, what is -10711243 - 61?
-10711324
In base 3, what is 200202000011210 + 0?
200202000011210
In base 16, what is -5 + 81802f2?
81802ed
In base 7, what is -406 - -1653650?
1653241
In base 5, what is -10 - -444420031?
444420021
In base 4, what is -11301101 + 302123?
-10332312
In base 2, what is 10010111101100101100110 + 11?
10010111101100101101001
In base 10, what is 11609608 - -5?
11609613
In base 4, what is 1112003030111 - -2?
1112003030113
In base 13, what is 24c + -73979?
-7372a
In base 4, what is 233 + 20233112103?
20233113002
In base 5, what is -2202 - 4214313?
-4222020
In base 15, what is 1 - -621379?
62137a
In base 2, what is -10101010011 + -10010101111101101100?
-10010110010010111111
In base 11, what is -3243518 + 107?
-3243411
In base 12, what is -109 - -18540?
18433
In base 16, what is -42 - 685e2?
-68624
In base 14, what is 66 + 2873c?
287a4
In base 3, what is 10202102020012011 + -111?
10202102020011200
In base 13, what is -107 + -2cc?
-406
In base 9, what is 8 - -1856876?
1856885
In base 10, what is 2560618 - 317?
2560301
In base 16, what is 81d358 - 2?
81d356
In base 14, what is -1d30b8 + 38?
-1d3080
In base 13, what is 29a + -377?
-aa
In base 9, what is -2 - 25047167?
-25047170
In base 8, what is 162040362 + 2?
162040364
In base 4, what is 12 - -32323000133?
32323000211
In base 9, what is 1136 - -34113?
35250
In base 6, what is 53323535 - -1?
53323540
In base 12, what is 108a512 + 2b?
108a541
In base 7, what is 40 - 306152?
-306112
In base 4, what is -220302 + 213313032?
213032130
In base 16, what is 2462c7d - 4?
2462c79
In base 13, what is -18814 - 1402?
-19c16
In base 14, what is 4 + -403980?
-40397a
In base 13, what is 23129 + -73?
23086
In base 7, what is 5 + -4124321?
-4124313
In base 13, what is -2 - -3c57cb30?
3c57cb2b
In base 14, what is -1ab3 + -6a?
-1b3d
In base 2, what is -1001 - 1010000011010101000?
-1010000011010110001
In base 12, what is 5bb - 2822?
-2223
In base 2, what is 101011010001010101100100110 + -1?
101011010001010101100100101
In base 15, what is -17a7 - 21478?
-22c30
In base 4, what is 13 - -3210310203211?
3210310203230
In base 10, what is -2729319 - 11?
-2729330
In base 6, what is 1052 + -1110432?
-1105340
In base 12, what is 3 - 21748158?
-21748155
In base 5, what is 133 + -2143412401?
-2143412213
In base 16, what is 8 + 144246a?
1442472
In base 13, what is -2a4526c + -55?
-2a452c4
In base 4, what is 1002120210 - -121?
1002120331
In base 5, what is 34311244113 - 10?
34311244103
In base 16, what is -102ab1 + 5?
-102aac
In base 15, what is -47 + 30e82b?
30e7d4
In base 7, what is 2650 - 13363?
-10413
In base 2, what is 1100001111100000010100 + -1111?
1100001111100000000101
In base 14, what is -457cdb + 85?
-457c56
In base 9, what is 5 - -1404610?
1404615
In base 9, what is 5 + 3752027?
3752033
In base 5, what is 1 + -24410411112?
-24410411111
In base 9, what is 6283 + -75423?
-68130
In base 11, what is -2 + -12756a5?
-12756a7
In base 6, what is -3 - 44542005025?
-44542005032
In base 9, what is 1016 + 227581?
228607
In base 12, what is a60 + -3966a?
-3880a
In base 12, what is -7700 + -1624?
-9124
In base 9, what is 23526 - -8888?
33525
In base 14, what is -54941ac - -6?
-54941a6
In base 10, what is -3 - -1691011?
1691008
In base 16, what is 93bc23 + 0?
93bc23
In base 8, what is 432742 - -2371?
435333
In base 9, what is 47854 + 14265?
63230
In base 15, what is 3 + -240bed2?
-240bece
In base 2, what is -100111100000000110111101101 + 100?
-100111100000000110111101001
In base 14, what is 5 + 3c83277?
3c8327c
In base 8, what is 5 - 7045001?
-7044774
In base 13, what is 44 + 452839?
452880
In base 8, what is -5264 - 26437?
-33723
In base 4, what is 12131 - -31032210?
31111001
In base 15, what is c9d + -2629?
-187b
In